.
3, 5, 67, 557
List the prime factors of 6039837.
3, 671093
List the prime factors of 12546803.
947, 13249
What are the prime factors of 3040618?
2, 7, 47, 4621
List the prime factors of 62236.
2, 15559
What are the prime factors of 71559?
3, 7951
What are the prime factors of 2198035?
5, 7, 62801
What are the prime factors of 13351605?
3, 5, 890107
List the prime factors of 445516.
2, 127, 877
What are the prime factors of 2423009?
79, 30671
What are the prime factors of 10419170?
2, 5, 67, 15551
List the prime factors of 1373275.
5, 163, 337
What are the prime factors of 10445639?
97, 107687
List the prime factors of 751042.
2, 23, 29, 563
List the prime factors of 14784913.
11, 13, 103391
List the prime factors of 5808215.
5, 7, 151, 157
List the prime factors of 33291675.
3, 5, 31, 37, 43
What are the prime factors of 149865?
3, 5, 97, 103
List the prime factors of 468657.
3, 7, 43, 173
What are the prime factors of 14348884?
2, 11, 17, 19183
What are the prime factors of 188530?
2, 5, 17, 1109
What are the prime factors of 1500731?
1500731
List the prime factors of 227040.
2, 3, 5, 11, 43
What are the prime factors of 907569?
3, 13, 7757
What are the prime factors of 688186?
2, 163, 2111
List the prime factors of 7791941.
37, 197, 1069
What are the prime factors of 1179394?
2, 23, 25639
What are the prime factors of 65999?
31, 2129
List the prime factors of 518733.
3, 57637
List the prime factors of 308948.
2, 77237
List the prime factors of 313959.
3, 229, 457
List the prime factors of 2036602.
2, 1018301
What are the prime factors of 4895708?
2, 47, 26041
What are the prime factors of 1437259?
127, 11317
What are the prime factors of 2953711?
31, 151, 631
What are the prime factors of 639409?
193, 3313
What are the prime factors of 33359?
33359
List the prime factors of 2440367.
17, 143551
List the prime factors of 246227.
113, 2179
What are the prime factors of 484774?
2, 37, 6551
List the prime factors of 1804561.
11, 164051
What are the prime factors of 728774?
2, 109, 3343
What are the prime factors of 683726?
2, 341863
List the prime factors of 1536565.
5, 29, 10597
What are the prime factors of 62228?
2, 47, 331
List the prime factors of 1066597.
7, 17, 8963
List the prime factors of 6597651.
3, 2199217
List the prime factors of 919971.
3, 13, 2621
What are the prime factors of 8736377?
13, 672029
What are the prime factors of 13523443?
199, 67957
What are the prime factors of 3222759?
3, 1074253
List the prime factors of 3998433.
3, 29, 45959
What are the prime factors of 169574?
2, 84787
What are the prime factors of 2843482?
2, 1421741
What are the prime factors of 3312558?
2, 3, 184031
List the prime factors of 230105.
5, 46021
What are the prime factors of 151741?
41, 3701
List the prime factors of 3459175.
5, 179, 773
List the prime factors of 897817.
897817
What are the prime factors of 449769?
3, 17, 8819
List the prime factors of 5906044.
2, 1476511
List the prime factors of 545728.
2, 8527
List the prime factors of 5455724.
2, 37, 191, 193
What are the prime factors of 4909597?
7, 11, 63761
List the prime factors of 493859.
493859
What are the prime factors of 3103169?
593, 5233
List the prime factors of 13430.
2, 5, 17, 79
What are the prime factors of 19253417?
1307, 14731
What are the prime factors of 11768941?
47, 250403
What are the prime factors of 9439447?
19, 496813
List the prime factors of 2508619.
2508619
What are the prime factors of 2013528?
2, 3, 11, 29, 263
List the prime factors of 14338089.
3, 17, 31, 3023
What are the prime factors of 2307952?
2, 144247
What are the prime factors of 18823728?
2, 3, 7, 11, 463
List the prime factors of 567107.
567107
List the prime factors of 1378938.
2, 3, 11, 17, 1229
List the prime factors of 2455194.
2, 3, 7, 1193
List the prime factors of 2767448.
2, 53, 61, 107
List the prime factors of 3648164.
2, 13, 70157
What are the prime factors of 844897?
844897
What are the prime factors of 13366603?
431, 31013
What are the prime factors of 587947?
587947
What are the prime factors of 259440?
2, 3, 5, 23, 47
What are the prime factors of 53902?
2, 26951
What are the prime factors of 14988970?
2, 5, 83, 18059
List the prime factors of 43295541.
3, 53, 272299
What are the prime factors of 6090000?
2, 3, 5, 7, 29
List the prime factors of 45527.
53, 859
List the prime factors of 13129173.
3, 439, 3323
What are the prime factors of 1803979?
43, 41953
List the prime factors of 119087.
119087
What are the prime factors of 3043086?
2, 3, 29, 17489
What are the prime factors of 3367681?
3367681
What are the prime factors of 690265?
5, 138053
List the prime factors of 1747674.
2, 3, 151, 643
List the prime factors of 27804593.
61, 101, 4513
List the prime factors of 1753461.
3, 101, 643
What are the prime factors of 27396668?
2, 13, 526859
What are the prime factors of 385894?
2, 23, 8389
What are the prime factors of 110956?
2, 27739
What are the prime factors of 875063?
7, 41, 3049
What are the prime factors of 1512539?
7, 173, 1249
What are the prime factors of 5259689?
5259689
What are the prime factors of 348053?
348053
What are the prime factors of 593112?
2, 3, 13, 1901
List the prime factors of 24752357.
7, 17, 208003
What are the prime factors of 1804593?
3, 7, 85933
What are the prime factors of 158549?
331, 479
List the prime factors of 412406.
2, 206203
List the prime factors of 780390.
2, 3, 5, 13, 23, 29
What are the prime factors of 5971?
7, 853
What are the prime factors of 97395?
3, 5, 43, 151
List the prime factors of 4615706.
2, 43, 191, 281
List the prime factors of 7125563.
79, 90197
List the prime factors of 24287859.
3, 2698651
List the prime factors of 482524.
2, 7, 19, 907
What are the prime factors of 12357469?
43, 287383
What are the prime factors of 152723?
152723
What are the prime factors of 156305?
5, 43, 727
List the prime factors of 2559955.
5, 511991
What are the prime factors of 20303858?
2, 10151929
List the prime factors of 24920475.
3, 5, 332273
List the prime factors of 5341126.
2, 7, 381509
List the prime factors of 730986.
2, 3, 23, 5297
List the prime factors of 1190692.
2, 19, 15667
What are the prime factors of 8973600?
2, 3, 5, 3739
List the prime factors of 433598.
2, 11, 19709
What are the prime factors of 37943?
19, 1997
List the prime factors of 19336047.
3, 1811, 3559
What are the prime factors of 530269?
449, 1181
List the prime factors of 25585.
5, 7, 17, 43
What are the prime factors of 8942098?
2, 11, 269, 1511
List the prime factors of 564959.
564959
List the prime factors of 1415005.
5, 283001
What are the prime factors of 9882208?
2, 7, 157, 281
What are the prime factors of 330800?
2, 5, 827
What are the prime factors of 4428217?
701, 6317
List the prime factors of 236168.
2, 53, 557
List the prime factors of 481522.
2, 71, 3391
List the prime factors of 1679238.
2, 3, 11, 257
What are the prime factors of 5162238?
2, 3, 95597
What are the prime factors of 657368?
2, 82171
What are the prime factors of 20311598?
2, 10155799
List the prime factors of 845365.
5, 23, 7351
What are the prime factors of 635194?
2, 7, 59, 769
What are the prime factors of 2154037?
2154037
What are the prime factors of 200234?
2, 53, 1889
What are the prime factors of 6116528?
2, 11, 23, 1511
List the prime factors of 3344321.
3344321
List the prime factors of 910874.
2, 455437
What are the prime factors of 2080416?
2, 3, 13, 1667
What are the prime factors of 1643818?
2, 11, 74719
What are the prime factors of 10762?
2, 5381
List the prime factors of 114526.
2, 173, 331
What are the prime factors of 1732038?
2, 3, 7, 11, 23, 163
What are the prime factors of 6678918?
2, 3, 19, 59, 331
What are the prime factors of 2367145?
5, 11, 193, 223
List the prime factors of 923653.
923653
List the prime factors of 5204840.
2, 5, 130121
List the prime factors of 3761811.
3, 17, 23, 1069
List the prime factors of 147018.
2, 3, 107, 229
List the prime factors of 287012.
2, 11, 593
List the prime factors of 1533578.
2, 29, 137, 193
What are the prime factors of 3815756?
2, 7, 136277
What are the prime factors of 612660?
2, 3, 5, 10211
List the prime factors of 3256977.
3, 59, 18401
What are the prime factors of 941240?
2, 5, 23531
What are the prime factor